**2 + 9*f - 778. Calculate d(24).
14
Let y(i) = 9*i**2 + 266*i - 1819. Give y(6).
101
Let g(p) = -p**3 + 270*p**2 - 385*p + 31199. Determine g(269).
-5
Let t(u) = -2*u**3 - 9*u**2 - 33*u - 19. Calculate t(-3).
53
Let x(r) = 2293*r**2 + 27523*r + 54. What is x(-12)?
-30
Let s(g) = 94*g + 4892. Determine s(-43).
850
Let g(h) = -3*h**2 - 406*h + 31085. Give g(56).
-1059
Let s(g) = -2*g**3 - 197*g**2 + 11629*g + 1252. Calculate s(-140).
-8
Let u(t) = -t**3 - 24*t**2 + 82*t + 3201. What is u(-22)?
429
Let v(i) = i**3 - 30*i**2 - 366*i + 11324. Give v(28).
-492
Let a(k) = -4521*k - 135348. Give a(-30).
282
Let n(a) = -a**3 + 21*a**2 - 67*a + 1403. What is n(21)?
-4
Let u(s) = 136*s + 17719. Give u(-133).
-369
Let p(n) = -n**2 - 61921*n - 309626. Determine p(-5).
-46
Let k(b) = -6*b**2 + 8627*b - 1472917. What is k(198)?
5
Let p(b) = 2*b**3 - 133*b**2 + 268*b - 33. What is p(2)?
-13
Let s(w) = w**3 + 42*w**2 + 276*w - 1481. What is s(-14)?
143
Let f(a) = -641*a + 582. Give f(3).
-1341
Let f(y) = -y**2 + 32*y + 5156. What is f(-54)?
512
Let v(c) = -20*c + 3400. Calculate v(82).
1760
Let d(t) = -111277*t - 2. Determine d(0).
-2
Let j(p) = -12*p**3 + 14*p**2 - 21*p - 15. Determine j(-1).
32
Let f(b) = -b**3 - 106*b**2 + 40*b + 25818. Determine f(-104).
26
Let w(z) = -4*z**2 - 65*z + 1204. Give w(-29).
-275
Let o(n) = n**3 + 61*n**2 - 247*n + 330. Calculate o(-65).
-515
Let j(b) = 10431*b - 6477646. What is j(621)?
5
Let a(k) = -2*k**3 + 23*k**2 - 48*k + 780. Calculate a(12).
60
Let w(m) = -10*m**3 - 8*m**2 - 186*m - 707. Calculate w(-4).
549
Let g(n) = 2847*n - 12697. What is g(5)?
1538
Let w(g) = -522*g - 237. Calculate w(-1).
285
Let y(t) = 437452*t - 1749849. Give y(4).
-41
Let z(y) = -y**3 + 44*y**2 + 820*y + 2040. What is z(-3)?
3
Let c(d) = -75*d + 513. What is c(7)?
-12
Let o(g) = -10*g**2 - 2217*g - 9899. What is o(-217)?
300
Let o(r) = r**2 - 330*r + 14880. Calculate o(50).
880
Let j(a) = -7*a**2 + 781*a + 911. Determine j(113).
-219
Let b(m) = -5054*m + 36577. Give b(8).
-3855
Let z(u) = -28612*u - 171722. Calculate z(-6).
-50
Let b(x) = -5*x**3 - 36*x**2 - 378*x - 3276. Calculate b(-8).
4
Let o(t) = t**3 - 38*t**2 - 204*t + 2025. Give o(41).
-1296
Let b(t) = t**3 - t**2 - 31*t + 23. Calculate b(11).
892
Let j(o) = 80*o + 7513. Determine j(-88).
473
Let t(n) = -131*n + 402. Determine t(3).
9
Let g(b) = 2*b**3 - 173*b**2 + 418*b - 16. Determine g(84).
-184
Let j(x) = 43*x**2 + 34646*x - 9684. Give j(-806).
-12
Let l(a) = -16816*a + 202151. What is l(12)?
359
Let n(t) = 2*t**3 - 26*t**2 + 246*t - 7. Give n(7).
1127
Let s(y) = -230*y - 8789. What is s(-36)?
-509
Let x(w) = w**3 - 8*w**2 + 2*w - 408. Give x(12).
192
Let k(g) = 999*g**2 + 39970*g + 399. Determine k(-40).
-1
Let r(a) = -316697*a - 17418326. What is r(-55)?
9
Let b(z) = 79*z**3 + 683*z**2 - 250*z + 3. Determine b(-9).
-15
Let h(k) = 4*k**3 + 1583*k**2 + 213*k + 241160. Give h(-396).
-4
Let i(d) = -d**3 - 65*d**2 + 668*d + 46845. What is i(-64)?
-3
Let i(n) = -2*n**3 - 3*n**2 - 167*n + 748. Give i(4).
-96
Let u(v) = 1595*v - 1049506. What is u(658)?
4
Let p(q) = -q**3 + 34*q - 93. What is p(4)?
-21
Let k(r) = 326*r**3 - 4*r**2 - 163*r + 164. Determine k(1).
323
Let j(f) = 1928417*f + 59780924. What is j(-31)?
-3
Let m(i) = 135*i**2 + 51431*i - 1531. Calculate m(-381).
-7
Let f(g) = 10*g**2 - 229*g + 45. Determine f(23).
68
Let k(b) = -3*b**2 - 942*b - 46332. Give k(-61).
-33
Let y(k) = -k**2 + 66*k - 274. Determine y(43).
715
Let h(r) = -7*r**2 + 470*r - 317. Determine h(66).
211
Let l(z) = 68*z**3 + 71879*z**2 + 3170*z - 1052. What is l(-1057)?
5
Let l(h) = 2*h**3 + 863*h**2 - 2492*h - 295. What is l(3)?
50
Let m(y) = -58*y**2 + 1984*y + 1452. What is m(34)?
1860
Let d(l) = -14*l**2 + 78*l + 212. Determine d(7).
72
Let b(p) = 118*p**3 + 2*p**2 + 240*p + 711. Determine b(-3).
-3177
Let s(t) = -16*t**3 + 303*t**2 + 40*t - 432. What is s(19)?
-33
Let y(a) = a**3 + 47*a**2 - 856*a + 44. Calculate y(14).
16
Let r(o) = -112*o**3 + 8063*o**2 + 47*o + 1802. Give r(72).
2
Let h(q) = -q**2 - 16297*q + 212025. What is h(13)?
-5
Let f(c) = c**2 + 143*c + 1219. Give f(-8).
139
Let r(q) = -q**2 - 1144*q + 174066. What is r(136)?
-14
Let w(h) = h**2 + 3904*h - 19589. Give w(5).
-44
Let g(t) = -111*t**2 + 857*t - 1664. Calculate g(7).
-1104
Let z(j) = -35*j**2 + 199*j + 15384. Give z(24).
0
Let v(n) = n**3 + n**2 + 1009*n - 1096. Determine v(0).
-1096
Let p(q) = q**2 - 198*q - 32730. Give p(311).
2413
Let y(t) = -12*t**2 + 1936*t - 9698. What is y(5)?
-318
Let q(f) = -2775*f - 3785145. Calculate q(-1364).
-45
Let n(z) = 4*z**2 - 523*z + 760. What is n(129)?
-143
Let k(f) = -2*f**3 - 31*f**2 - 21*f + 337. What is k(-15)?
427
Let a(x) = x**3 - 61*x**2 + 817*x + 2730. Calculate a(27).
3
Let r(s) = s**2 - 310*s + 22203. Give r(114).
-141
Let m(v) = -96*v**2 + 2402*v + 8162. Determine m(28).
154
Let k(s) = -s**2 - 280*s - 19366. What is k(-126)?
38
Let t(m) = 376*m**2 - 29289*m - 3046. What is t(78)?
-4
Let t(z) = -89*z**2 - 117*z + 186. Give t(-5).
-1454
Let s(y) = 6733*y - 60448. Calculate s(9).
149
Let z(j) = 59169*j + 177504. Give z(-3).
-3
Let o(a) = a**3 + 165*a**2 + 632*a - 974. What is o(-161)?
958
Let g(t) = -2107*t - 4204. Calculate g(-2).
10
Let y(x) = 2*x**2 + 1023*x + 126126. Determine y(-209).
-319
Let g(z) = 154*z**2 + 24962*z + 2258. What is g(-162)?
-10
Let o(t) = 2*t**2 - 306*t - 59377. What is o(-112)?
-17
Let j(d) = -d**2 - 4544*d - 81452. Give j(-18).
16
Let m(t) = -2*t**2 + 37630*t + 263504. Give m(-7).
-4
Let v(z) = 18*z**2 + 2408*z - 15356. Give v(6).
-260
Let k(z) = -2223*z + 16294. Calculate k(7).
733
Let y(a) = -44347*a - 310543. Calculate y(-7).
-114
Let y(c) = -278*c - 33347. Give y(-120).
13
Let s(b) = -b**2 - 612*b + 26756. Calculate s(41).
-17
Let p(k) = 7*k**2 + 1830*k - 16601. Determine p(-270).
-401
Let t(s) = -2*s**3 + 86*s**2 - 453*s - 1972. Calculate t(36).
-136
Let j(f) = -3*f**3 + 64*f**2 + 276*f - 5508. What is j(22)?
-404
Let f(s) = -79*s + 5610. Give f(84).
-1026
Let p(m) = -10*m**2 + 3179*m - 2831. Calculate p(317).
22
Let d(x) = 1052*x + 22650. Determine d(-24).
-2598
Let v(c) = -c**3 + 23*c**2 - 2114*c + 54137. Calculate v(25).
37
Let t(a) = 87*a + 1565. Determine t(-13).
434
Let w(s) = s**3 + 16*s**2 - 363*s - 511. Give w(17).
2855
Let y(p) = 8*p**2 + 5294*p + 31777. What is y(-6)?
301
Let q(m) = 19318*m - 9. Give q(0).
-9
Let g(l) = -71*l**3 - 782*l**2 - 47*l - 404. What is g(-11)?
-8
Let v(k) = -1363*k - 44895. What is v(-33)?
84
Let t(z) = 14*z**2 - 457*z - 367. Determine t(35).
788
Let r(n) = -41*n**3 + 369*n**2 - 20*n + 192. What is r(9)?
12
Let t(d) = 2*d**2 + 158*d + 2041. Determine t(-15).
121
Let k(x) = -15357*x + 384217. Determine k(25).
292
Let x(a) = -534*a - 197438. Determine x(-370).
142
Let c(v) = -v**3 - 31*v**2 - 99*v + 885. What is c(-26)?
79
Let y(h) = -h**3 + 699*h**2 + 7123*h + 278. Calculate y(-10).
-52
Let h(g) = 1209*g + 109386. Give h(-90).
576
Let d(j) = 28*j - 1878. Determine d(87).
558
Let j(d) = 30570*d**2 + 61137*d + 1. Give j(-2).
7
Let f(i) = -94*i - 16862. Determine f(-192).
1186
Let m(q) = 3*q**2 + 7121*q - 51. Determine m(0).
-51
Let q(a) = a**3 + 71*a**2 - 660*a - 2211. Give q(-79).
1
Let u(q) = 520*q + 330189. Calculate u(-635).
-11
Let m(s) = s**3 + 20*s**2 - 53*s + 1015. Calculate m(-24).
-17
Let a(o) = 6131*o + 196131. What is a(-32)?
-61
Let s(i) = -121*i + 9886. Determine s(84).
-278
Let t(b) = -3*b**2 - 5293*b + 161508. Determine t(30).
18
Let k(m) = -8*m**3 - 152*m**2 - 196*m - 380. What is k(-18)?
556
Let q(u) = 3*u**2 + 187*u + 243. What is q(-60)?
-177
Let r(f) = -23666*f + 2792584. Calculate r(118).
-4
Let u(z) = z**2 - 131*z + 3058. Determine u(50).
-992
Let v(x) = -30*x**2 - 4385*x - 522. Calculate v(-146).
208
Let q(d) = 2*d**3 + 13*d**2 + 131*d + 1601. Calculate q(-10).
-409
Let i(p) = -11313*p + 622113. Determine i(55).
-102
Let o(r) = 23*r**2 - 3267*r - 6544. Determine o(-2).
82
Let z(l) = -733*l**2 - 23461*l - 150. Give z(-32).
10
Let p(k) = -17*k**2 - 302*k + 1363. Give p(-20).
603
Let b(l) = -11*l**2 + 485*l - 1147. Give b(39).
1037
Let f(t) = 22655*t + 521070. What is f(-23)?
5
Let z(q) = 3*q**2 + 77020*q - 2853837. Give z(37).
10
Let t(o) = -224236*o - 6278597. Calculate t(-28).
11
Let c(u) = 3*